5*o - 3*o = -2. Let s be o/((-11)/5 - -2) + j. Let l(y) = 2*y. Calculate l(s).
14
Let p(d) = 13*d + 11. Let y(l) = -37*l - 32. Let m(o) = -17*p(o) - 6*y(o). Suppose -5*i = 36 - 116. Suppose 3*u = -u + i. Calculate m(u).
9
Let a(j) = 7*j**2 + 10*j - 11. Let i(n) = -12*n**2 - 19*n + 24. Let v(d) = -5*a(d) - 3*i(d). Let h be (-7 - 70/(-7)) + (0 - 10). Give v(h).
-17
Let o = 79 + -76. Suppose -4*f - o = -11. Let u(h) = 212*h**2 - 210*h**2 + h**3 - 2*h**3 - 1 + f*h. Determine u(-2).
11
Let j be -2*((-60)/8 + -2). Let t = j - 25. Let b(r) = -6*r - 11*r**2 - 15*r**2 + 8 + 25*r**2. Determine b(t).
8
Let r(u) = -1 - 19*u - 18*u + 57*u + u - 23*u. Suppose -2*m - 2*m = -16. Suppose -m = 2*o - 0. Calculate r(o).
3
Let n(g) be the third derivative of g**5/60 - g**4/4 - g**3/3 - g**2. Let r be 0/((-174)/(-48) + 3/8). Suppose r = -t + 6. Calculate n(t).
-2
Let i(p) = p**2 - 14*p + 13. Let j be ((-44)/165)/((-28)/1470). Determine i(j).
13
Let y(x) = 2*x + 4. Suppose -20*w + 8*w = 36. Let g be 9 + (-1 - w)/(52/(-130)). Calculate y(g).
12
Let s(c) = 271 + 78*c**2 + 76*c**2 - 155*c**2 - 274 + 4*c. Let r = -1 + 1. Let p = 2 - r. Determine s(p).
1
Let t(l) = l**3 + 6*l**2 + l + 1. Suppose -7*g + 8 = -3*g. Let o(v) = -v**3 + 2*v**2 - 6*v + 7. Let q be o(g). What is t(q)?
21
Let b(z) be the second derivative of -z**4/12 - 14*z**3/3 + 5*z**2 + 43*z + 56. Calculate b(-28).
10
Let z(l) = -6*l**2 + 3*l + 3. Suppose 0 = 3*r - 16 + 124. Let a be 119/(-63) - (-4)/r. Give z(a).
-27
Let d be ((-7252)/(-2590))/(2/(-10)*2). Let x(t) = -t**2 - 7*t - 3. Give x(d).
-3
Let r(n) be the third derivative of -1/60*n**5 + 0*n - 1/12*n**4 + 90*n**2 + 0 - 1/3*n**3. Determine r(-2).
-2
Let u(k) = -19 - 49 + 10 - 2*k. What is u(-29)?
0
Let k(j) = -j**2 + 5*j - 7. Let x(u) = -232 + 237 + 2*u - 3*u. Let o be x(0). Let g(f) = 3*f**2 - 9*f + 13. Let m(z) = o*k(z) + 2*g(z). Give m(-7).
-9
Let d(v) = -109*v**2 - 28*v - 1. Let n(q) = 122*q**2 + 29*q + 1. Let i(k) = -9*d(k) - 8*n(k). Calculate i(-4).
1
Let u = -472 + 475. Let o(h) = 4*h**2 - 5*h**2 - 6 - 8*h**u + 4*h**2 - 4*h**2 + 9*h**3. Determine o(0).
-6
Let o = -66 - -62. Let u be 12*(1 + -3 + 3). Let k be u*((-7)/(-2) + o). Let b(r) = -r - 1. Determine b(k).
5
Let l(g) = -7 - 16 - 11 + 16*g + 14 - 26. What is l(7)?
66
Let z(x) be the second derivative of 17/2*x**2 + 1/12*x**4 - 11/6*x**3 + 1 - 52*x. Give z(8).
-7
Let g(f) = f**2 + 4*f - 4. Let a be 2*((-3)/2 - 0). Let j be g(a). Let c(b) be the third derivative of -b**4/24 - 3*b**3/2 - 50*b**2. Calculate c(j).
-2
Let u(l) = 4*l + 6. Let v(f) be the second derivative of -11*f**3/6 - 20*f**2 + 14*f. Let h be v(-4). Let g be h/14 + 120/(-28). Give u(g).
-10
Suppose -31 = 5*p + 19. Let l be 42/(-1 - 25/p). Let f = 19 - l. Let o(j) = -j**3 - 10*j**2 - 8*j + 3. Determine o(f).
-6
Let y = 5 + -10. Suppose 0 = -3*b + 390 - 381. Let k(s) = 580*s**2 + 5*s + s**b - 574*s**2 - 2 + 7. Determine k(y).
5
Let i(w) = w**3 + 6*w**2 - 5*w - 8. Suppose -f - 2*d - 15 = 0, 4*f - 43*d = -40*d - 16. Give i(f).
-22
Suppose -i + 2 = 3*s, -4*s - 38*i = -39*i - 12. Let j(d) = -3*d**2 + 7*d - 9. What is j(s)?
-7
Let j(b) be the third derivative of -7*b**4/8 + 64*b**3/3 - 4*b**2 + 6. Determine j(6).
2
Let x(n) = -n + 1. Let o = 0 - 0. Suppose -523*u + 499*u + 216 = 0. Suppose -w - 8*w + u = o. Calculate x(w).
0
Let f(x) be the second derivative of -x**4/3 - x**3/6 + 9*x**2/2 + 723*x. Determine f(4).
-59
Let t(b) = 3*b**2 + b + 3. Let l(y) = -52*y + 778. Let g be l(15). Calculate t(g).
13
Let g(x) = -x + 1. Let d be (-2)/7 + 10452/(-21) + -3. Let l = d - -500. What is g(l)?
2
Let u(d) = -d**2 + 68 - 134 + 18*d - 6. What is u(7)?
5
Suppose 5*k + 3013 = -0*k - 3*c, -5*k - 3041 = -4*c. Let r = 604 + k. Let o(f) = -30*f**3 + f**2 + f + 1. Determine o(r).
31
Let d(j) be the second derivative of j**5/20 + 5*j**4/6 + j**3 - 13*j**2 - 484*j - 2. Calculate d(-9).
1
Suppose 0 = -121*r + 127*r - 126. Let v(w) = -2*w**2 + 38*w + 60. Determine v(r).
-24
Let h(i) = -3*i**2 + 2173 - 3*i - 1093 - 6*i**2 + 12*i**2 - 1090. Give h(7).
116
Let c be (-31 + 122/4)*-10. Let m(d) = -d**3 + 12*d**2 - 3*d + 11. Let h(x) = -x**3 + 11*x**2 - 4*x + 10. Let r(p) = 5*h(p) - 4*m(p). Give r(c).
16
Let y(p) = 30 + 15 + 9*p - 34 - 19. Calculate y(-11).
-107
Let r(t) = -3*t**2 + 11*t - 8. Let l(w) be the second derivative of 5*w**4/12 - 17*w**3/6 + 6*w**2 - w - 13. Let f(h) = -5*l(h) - 8*r(h). What is f(-5)?
-6
Let q(y) = 2*y + 15. Let r be -30 + 0 + (-27 - -42). What is q(r)?
-15
Let w(f) = 2*f**2 + 66*f + 67. Let t be w(-32). Let y(o) = -4*o**3 + o. Let q(b) = 11*b**3 - 6*b**2 - 2*b + 6. Let k(n) = t*y(n) + q(n). Give k(-6).
0
Let p = 55 - 168. Let l = 107 + p. Let y be ((-14)/l - 2) + 138/18. Let g(a) = a - 18. What is g(y)?
-10
Let s(h) = -8*h + 8. Let a = 11626 - 11622. Determine s(a).
-24
Let z(d) = 0*d**3 - 13*d + 6 - 3*d**2 + 8*d + d**3. Let r(f) = -f**3 + 2*f**2 + 4*f - 10. Let a be r(3). Let u(x) = -x - 3. Let i be u(a). Give z(i).
2
Let g(c) = 6*c - 10306 - 10311 - 3*c**2 + 20619. Give g(2).
2
Let t(s) = s**3 + 3*s**2 + 2*s + 5. Let z(q) = 12*q - 208. Let g be z(19). Suppose -17 = -c - g. Determine t(c).
-1
Let a(z) = z**3 - 5*z**2 + 4*z + 5. Let c = -496 + 454. Let b be 5/10 - c/12. Give a(b).
5
Suppose 2 = -2*t - 2*h, -3*t + h = 2*h - 5. Let p(c) be the first derivative of c**2/2 - 6*c + 12367. What is p(t)?
-3
Let z(y) = y - 4. Suppose -22*l + 29*l - 1393 = 0. Let r = l + -190. What is z(r)?
5
Let m(u) = 3*u**2 + 45*u - 9. Let o(t) = 6*t**2 - 89*t - 30. Let p be o(15). Calculate m(p).
-9
Let h(m) = 37*m**3 - 28*m**2 - 198*m + 469. Let t(o) = 5*o**3 - 4*o**2 - 28*o + 67. Let n(q) = -2*h(q) + 15*t(q). Give n(6).
-5
Let k(y) = 2*y - 10. Let b(a) = -2*a**3 + 14*a**2 - 9*a - 12. Let i be b(6). What is k(i)?
2
Suppose -4*h - 3*j = -945, -h + 3*h + 2*j - 470 = 0. Let v be (24/(-10))/((-72)/h). Let l(t) = 4 + t + v*t**2 - 2*t - 7*t**2 + 8*t. What is l(-5)?
-6
Let u(n) = -10*n**2 + 14*n + 4. Let w(m) be the second derivative of 5*m**4/12 - 4*m**3/3 - m**2 - 2*m. Let r(q) = 3*u(q) + 5*w(q). Give r(2).
-14
Let f(w) = -w**2 + 11*w - 3. Suppose 2*t - 11 = 7. Let j be f(t). Suppose 3*l - l = -4*c + 10, 5*c + 3*l - j = 0. Let a(z) = z - 15. Calculate a(c).
-15
Let m(a) = -a**3 - 12*a**2 - 11*a - 6. Let h(d) = 226*d + 215. Let b be h(-1). What is m(b)?
-6
Let c = 1438 - 1443. Let a(f) be the first derivative of f**5/60 + f**4/4 + 5*f**3/6 + f**2/2 - 3. Let g(x) be the second derivative of a(x). Determine g(c).
0
Let s(f) be the third derivative of f**7/60 + f**6/360 - f**5/60 + f**4/24 + 19*f**3/6 - 125*f**2. Let t(c) be the first derivative of s(c). What is t(1)?
14
Let r(z) = 4*z**3 - 13*z**2 + 3*z - 12. Let i(g) = 21*g**3 - 66*g**2 + 19*g - 59. Let d(y) = 2*i(y) - 11*r(y). Give d(6).
8
Let z(m) = -67*m + 2. Suppose -33*h - 209 + 249 = 7*h. Calculate z(h).
-65
Let k(s) = -s**3 + 6*s**2 - 5*s + 4. Suppose 3*f - 438 = -2*d, 681 - 234 = 3*f + 5*d. Let n = f - 140. What is k(n)?
16
Let n = -332 + 334. Let t(q) = -3*q + q - n - 5 - 5*q + 3*q. Determine t(-5).
13
Suppose 4*f + 213 = -251. Let r = -63 - f. Let y(z) = -51 + 103 - 8*z - r. Give y(-1).
7
Suppose 0*f - 4*f - 2908 = -4*v, -5*v - 2*f + 3621 = 0. Suppose -i = 4*d - v - 676, d = 3*i + 334. Let y(u) = 0*u - d + 351 + u. Give y(9).
11
Suppose 3*g - 3*c - 51 = 0, 19*g + 54 = 22*g - 4*c. Let f(m) = m**3 - 13*m**2 - 11*m + 15. Calculate f(g).
57
Suppose -u + 0*u = -5*y + 15, 0 = 2*y - 2. Let z be 2/18*(-16 - -25). Let a(v) = -v**3 - 29*v - z + 69*v - 9*v**2 + 5 - 30*v. Determine a(u).
4
Let n(g) = -3*g**2 - 9*g - 11. Let b(u) = 8*u**2 + 19*u + 24. Let s(k) = -2*b(k) - 5*n(k). Let p(a) be the first derivative of s(a). What is p(5)?
-3
Let t(h) = 7*h - 24. Let k be t(6). Suppose -5*l = 3 - k. Suppose -5 = 2*q + l*z, z + 15 = -5*q + q. Let x(m) = m**2 + 4*m - 4. Determine x(q).
-4
Let o be (-2)/1 - (0 - 4). Let g(r) = -2*r**2 + 3*r**2 + 4*r + 0*r**o. Let h = -1543 + 1538. Calculate g(h).
5
Let m(z) = z**3 + 2*z**2 - 2*z + 4. Let w = 33 - 54. Let q = w + 25. Suppose -q*n - k - 8 = 0, k + 11 = -7*n + 2*n. Calculate m(n).
1
Let o(j) be the second derivative of j**3/6 - j**2/2 - 4*j. Suppose 40 = 198*z - 280 - 76. Give o(z).
1
Let q be -5*1 + 8 + 0 + -1. Suppose 4*t = -3*n - 24 - 9, 3*t + 12 = q*n. Let y(m) = m**